{"id":11013,"date":"2022-08-11T13:44:25","date_gmt":"2022-08-11T16:44:25","guid":{"rendered":"https:\/\/www.filantropiacortessolari.cl\/?page_id=11013"},"modified":"2022-08-11T16:03:17","modified_gmt":"2022-08-11T19:03:17","slug":"conferencia-our-ocean-palau-2022","status":"publish","type":"page","link":"https:\/\/www.filantropiacortessolari.cl\/en\/conferencia-our-ocean-palau-2022\/","title":{"rendered":"Conferencia Our Ocean Palau 2022"},"content":{"rendered":"<style type=\"text\/css\"> \n#cmsms_row_69f4b525976eb2_26019931 .cmsms_row_outer_parent { \n\tpadding-top: 0px; \n} \n\n#cmsms_row_69f4b525976eb2_26019931 .cmsms_row_outer_parent { \n\tpadding-bottom: 50px; \n} \n\n \n#cmsms_row_69f4b525978e15_00253803 .cmsms_row_outer_parent { \n\tpadding-top: 0px; \n} \n\n#cmsms_row_69f4b525978e15_00253803 .cmsms_row_outer_parent { \n\tpadding-bottom: 50px; \n} \n\n \n#cmsms_row_69f4b525979718_23874013 .cmsms_row_outer_parent { \n\tpadding-top: 0px; \n} \n\n#cmsms_row_69f4b525979718_23874013 .cmsms_row_outer_parent { \n\tpadding-bottom: 50px; \n} \n\n<\/style><div id=\"cmsms_row_69f4b525976eb2_26019931\" class=\"cmsms_row cmsms_color_scheme_default\">\n<div class=\"cmsms_row_outer_parent\">\n<div class=\"cmsms_row_outer\">\n<div class=\"cmsms_row_inner\">\n<div class=\"cmsms_row_margin\">\n<div class=\"cmsms_column one_first\">\n<div class=\"cmsms_text\">\n<p><img loading=\"lazy\" decoding=\"async\" class=\"aligncenter size-full wp-image-11015\" src=\"https:\/\/www.filantropiacortessolari.cl\/wp-content\/uploads\/2022\/08\/Conferencia-our-ocean-.jpeg\" alt=\"\" width=\"1920\" height=\"690\" srcset=\"https:\/\/www.filantropiacortessolari.cl\/wp-content\/uploads\/2022\/08\/Conferencia-our-ocean-.jpeg 1920w, https:\/\/www.filantropiacortessolari.cl\/wp-content\/uploads\/2022\/08\/Conferencia-our-ocean--300x108.jpeg 300w, https:\/\/www.filantropiacortessolari.cl\/wp-content\/uploads\/2022\/08\/Conferencia-our-ocean--1024x368.jpeg 1024w, https:\/\/www.filantropiacortessolari.cl\/wp-content\/uploads\/2022\/08\/Conferencia-our-ocean--768x276.jpeg 768w, https:\/\/www.filantropiacortessolari.cl\/wp-content\/uploads\/2022\/08\/Conferencia-our-ocean--1536x552.jpeg 1536w, https:\/\/www.filantropiacortessolari.cl\/wp-content\/uploads\/2022\/08\/Conferencia-our-ocean--580x208.jpeg 580w, https:\/\/www.filantropiacortessolari.cl\/wp-content\/uploads\/2022\/08\/Conferencia-our-ocean--820x295.jpeg 820w, https:\/\/www.filantropiacortessolari.cl\/wp-content\/uploads\/2022\/08\/Conferencia-our-ocean--1160x417.jpeg 1160w\" sizes=\"auto, (max-width: 1920px) 100vw, 1920px\" \/><\/p>\n<\/div>\n<\/div>\n<\/div>\n<\/div>\n<\/div>\n<\/div>\n<\/div>\n<div id=\"cmsms_row_69f4b525978e15_00253803\" class=\"cmsms_row cmsms_color_scheme_default\">\n<div class=\"cmsms_row_outer_parent\">\n<div class=\"cmsms_row_outer\">\n<div class=\"cmsms_row_inner\">\n<div class=\"cmsms_row_margin\">\n<div class=\"cmsms_column one_first\">\n<div class=\"cmsms_text\">\n<h2>The Blue BOAT Initiative has been announced as a concrete country commitment of Chile at the 7th \u201cOur Ocean Palau 2022 Conference\u201d<\/h2>\n<p>On April 14, The Blue Boat Initiative, led by Fundaci\u00f3n MERI and the Ministry of the Environment, was presented as a concrete commitment of Chile for the protection of the oceans. This project was presented at the seventh version of Our Ocean Conference, Palau 2022, a key event where countries, civil society and industries take on new challenges and ambitious goals for the protection of the oceans and the environment.<\/p>\n<p>The Chilean Chancellor, Antonia Urrejola, presented this project as an emblematic initiative for the protection of the oceans that will mark a before and after in the use of technology for the conservation of marine ecosystems.<\/p>\n<p>This pilot project, which is unique in South America, will install intelligent buoys with oceanographic sensors in the Northern Patagonia area. The main purpose is to monitor whales, alert vessels of their presence and thus avoid collisions, along with measuring the impact of climate change on marine ecosystems.<\/p>\n<p>\u201cThese are intelligent buoys equipped with hydrophones, oceanographic sensors and transmitters. In September will be the placement of the first buoy, a step that will be a milestone for Chile and a worldwide reference of concrete actions for the effective protection of the environment\u201d, adds Sonia Espa\u00f1ol Jim\u00e9nez, executive director of Fundaci\u00f3n MERI.<\/p>\n<p>The Blue BOAT Initiative will begin operating in September of this year by installing the first buoy, after 5 years of project development by Fundaci\u00f3n MERI.<\/p>\n<\/div>\n<\/div>\n<\/div>\n<\/div>\n<\/div>\n<\/div>\n<\/div>\n<div id=\"cmsms_row_69f4b525979718_23874013\" class=\"cmsms_row cmsms_color_scheme_default\">\n<div class=\"cmsms_row_outer_parent\">\n<div class=\"cmsms_row_outer\">\n<div class=\"cmsms_row_inner\">\n<div class=\"cmsms_row_margin\">\n<div class=\"cmsms_column one_first\">\n<div class=\"cmsms_text\">\n<p align=\"center\"><iframe loading=\"lazy\" title=\"YouTube video player\" src=\"https:\/\/www.youtube.com\/embed\/rGIIwFGYVKI\" width=\"100%\" height=\"415\" frameborder=\"0\" allowfullscreen=\"allowfullscreen\"><\/iframe>\n<\/div>\n<\/div>\n<\/div>\n<\/div>\n<\/div>\n<\/div>\n<\/div>\n\n","protected":false},"excerpt":{"rendered":"","protected":false},"author":1,"featured_media":0,"parent":0,"menu_order":0,"comment_status":"closed","ping_status":"closed","template":"","meta":{"footnotes":""},"class_list":["post-11013","page","type-page","status-publish","hentry"],"translation":{"provider":"WPGlobus","version":"3.0.2","language":"en","enabled_languages":["es","en"],"languages":{"es":{"title":true,"content":true,"excerpt":false},"en":{"title":true,"content":true,"excerpt":false}}},"yoast_head":"<!-- This site is optimized with the Yoast SEO plugin v27.4 - https:\/\/yoast.com\/product\/yoast-seo-wordpress\/ -->\n<title>Conferencia Our Ocean Palau 2022<\/title>\n<meta name=\"robots\" content=\"index, follow, max-snippet:-1, max-image-preview:large, max-video-preview:-1\" \/>\n<link rel=\"canonical\" href=\"https:\/\/www.filantropiacortessolari.cl\/conferencia-our-ocean-palau-2022\/\" \/>\n<meta property=\"og:locale\" content=\"en_US\" \/>\n<meta property=\"og:type\" content=\"article\" \/>\n<meta property=\"og:title\" content=\"Conferencia Our Ocean Palau 2022\" \/>\n<meta property=\"og:url\" content=\"https:\/\/www.filantropiacortessolari.cl\/conferencia-our-ocean-palau-2022\/\" \/>\n<meta property=\"og:site_name\" content=\"Filantrop\u00eda Cort\u00e9s Solari\" \/>\n<meta property=\"article:modified_time\" content=\"2022-08-11T19:03:17+00:00\" \/>\n<meta property=\"og:image\" content=\"https:\/\/www.filantropiacortessolari.cl\/wp-content\/uploads\/2022\/08\/Conferencia-our-ocean-.jpeg\" \/>\n<meta name=\"twitter:card\" content=\"summary_large_image\" \/>\n<meta name=\"twitter:label1\" content=\"Est. reading time\" \/>\n\t<meta name=\"twitter:data1\" content=\"1 minute\" \/>\n<script type=\"application\/ld+json\" class=\"yoast-schema-graph\">{\"@context\":\"https:\\\/\\\/schema.org\",\"@graph\":[{\"@type\":\"WebPage\",\"@id\":\"https:\\\/\\\/www.filantropiacortessolari.cl\\\/conferencia-our-ocean-palau-2022\\\/\",\"url\":\"https:\\\/\\\/www.filantropiacortessolari.cl\\\/conferencia-our-ocean-palau-2022\\\/\",\"name\":\"Conferencia Our Ocean Palau 2022\",\"isPartOf\":{\"@id\":\"https:\\\/\\\/www.filantropiacortessolari.cl\\\/#website\"},\"primaryImageOfPage\":{\"@id\":\"https:\\\/\\\/www.filantropiacortessolari.cl\\\/conferencia-our-ocean-palau-2022\\\/#primaryimage\"},\"image\":{\"@id\":\"https:\\\/\\\/www.filantropiacortessolari.cl\\\/conferencia-our-ocean-palau-2022\\\/#primaryimage\"},\"thumbnailUrl\":\"https:\\\/\\\/www.filantropiacortessolari.cl\\\/wp-content\\\/uploads\\\/2022\\\/08\\\/Conferencia-our-ocean-.jpeg\",\"datePublished\":\"2022-08-11T16:44:25+00:00\",\"dateModified\":\"2022-08-11T19:03:17+00:00\",\"breadcrumb\":{\"@id\":\"https:\\\/\\\/www.filantropiacortessolari.cl\\\/conferencia-our-ocean-palau-2022\\\/#breadcrumb\"},\"inLanguage\":\"en-US\",\"potentialAction\":[{\"@type\":\"ReadAction\",\"target\":[\"https:\\\/\\\/www.filantropiacortessolari.cl\\\/conferencia-our-ocean-palau-2022\\\/\"]}]},{\"@type\":\"ImageObject\",\"inLanguage\":\"en-US\",\"@id\":\"https:\\\/\\\/www.filantropiacortessolari.cl\\\/conferencia-our-ocean-palau-2022\\\/#primaryimage\",\"url\":\"https:\\\/\\\/www.filantropiacortessolari.cl\\\/wp-content\\\/uploads\\\/2022\\\/08\\\/Conferencia-our-ocean-.jpeg\",\"contentUrl\":\"https:\\\/\\\/www.filantropiacortessolari.cl\\\/wp-content\\\/uploads\\\/2022\\\/08\\\/Conferencia-our-ocean-.jpeg\"},{\"@type\":\"BreadcrumbList\",\"@id\":\"https:\\\/\\\/www.filantropiacortessolari.cl\\\/conferencia-our-ocean-palau-2022\\\/#breadcrumb\",\"itemListElement\":[{\"@type\":\"ListItem\",\"position\":1,\"name\":\"Portada\",\"item\":\"https:\\\/\\\/www.filantropiacortessolari.cl\\\/\"},{\"@type\":\"ListItem\",\"position\":2,\"name\":\"Conferencia Our Ocean Palau 2022\"}]},{\"@type\":\"WebSite\",\"@id\":\"https:\\\/\\\/www.filantropiacortessolari.cl\\\/#website\",\"url\":\"https:\\\/\\\/www.filantropiacortessolari.cl\\\/\",\"name\":\"Filantrop\u00eda Cort\u00e9s Solari\",\"description\":\"Sitio web Filantrop\u00eda Cort\u00e9s Solari\",\"potentialAction\":[{\"@type\":\"SearchAction\",\"target\":{\"@type\":\"EntryPoint\",\"urlTemplate\":\"https:\\\/\\\/www.filantropiacortessolari.cl\\\/?s={search_term_string}\"},\"query-input\":{\"@type\":\"PropertyValueSpecification\",\"valueRequired\":true,\"valueName\":\"search_term_string\"}}],\"inLanguage\":\"en-US\"}]}<\/script>\n<!-- \/ Yoast SEO plugin. -->","yoast_head_json":{"title":"Conferencia Our Ocean Palau 2022","robots":{"index":"index","follow":"follow","max-snippet":"max-snippet:-1","max-image-preview":"max-image-preview:large","max-video-preview":"max-video-preview:-1"},"canonical":"https:\/\/www.filantropiacortessolari.cl\/conferencia-our-ocean-palau-2022\/","og_locale":"en_US","og_type":"article","og_title":"Conferencia Our Ocean Palau 2022","og_url":"https:\/\/www.filantropiacortessolari.cl\/conferencia-our-ocean-palau-2022\/","og_site_name":"Filantrop\u00eda Cort\u00e9s Solari","article_modified_time":"2022-08-11T19:03:17+00:00","og_image":[{"url":"https:\/\/www.filantropiacortessolari.cl\/wp-content\/uploads\/2022\/08\/Conferencia-our-ocean-.jpeg","type":"","width":"","height":""}],"twitter_card":"summary_large_image","twitter_misc":{"Est. reading time":"1 minute"},"schema":{"@context":"https:\/\/schema.org","@graph":[{"@type":"WebPage","@id":"https:\/\/www.filantropiacortessolari.cl\/conferencia-our-ocean-palau-2022\/","url":"https:\/\/www.filantropiacortessolari.cl\/conferencia-our-ocean-palau-2022\/","name":"Conferencia Our Ocean Palau 2022","isPartOf":{"@id":"https:\/\/www.filantropiacortessolari.cl\/#website"},"primaryImageOfPage":{"@id":"https:\/\/www.filantropiacortessolari.cl\/conferencia-our-ocean-palau-2022\/#primaryimage"},"image":{"@id":"https:\/\/www.filantropiacortessolari.cl\/conferencia-our-ocean-palau-2022\/#primaryimage"},"thumbnailUrl":"https:\/\/www.filantropiacortessolari.cl\/wp-content\/uploads\/2022\/08\/Conferencia-our-ocean-.jpeg","datePublished":"2022-08-11T16:44:25+00:00","dateModified":"2022-08-11T19:03:17+00:00","breadcrumb":{"@id":"https:\/\/www.filantropiacortessolari.cl\/conferencia-our-ocean-palau-2022\/#breadcrumb"},"inLanguage":"en-US","potentialAction":[{"@type":"ReadAction","target":["https:\/\/www.filantropiacortessolari.cl\/conferencia-our-ocean-palau-2022\/"]}]},{"@type":"ImageObject","inLanguage":"en-US","@id":"https:\/\/www.filantropiacortessolari.cl\/conferencia-our-ocean-palau-2022\/#primaryimage","url":"https:\/\/www.filantropiacortessolari.cl\/wp-content\/uploads\/2022\/08\/Conferencia-our-ocean-.jpeg","contentUrl":"https:\/\/www.filantropiacortessolari.cl\/wp-content\/uploads\/2022\/08\/Conferencia-our-ocean-.jpeg"},{"@type":"BreadcrumbList","@id":"https:\/\/www.filantropiacortessolari.cl\/conferencia-our-ocean-palau-2022\/#breadcrumb","itemListElement":[{"@type":"ListItem","position":1,"name":"Portada","item":"https:\/\/www.filantropiacortessolari.cl\/"},{"@type":"ListItem","position":2,"name":"Conferencia Our Ocean Palau 2022"}]},{"@type":"WebSite","@id":"https:\/\/www.filantropiacortessolari.cl\/#website","url":"https:\/\/www.filantropiacortessolari.cl\/","name":"Filantrop\u00eda Cort\u00e9s Solari","description":"Sitio web Filantrop\u00eda Cort\u00e9s Solari","potentialAction":[{"@type":"SearchAction","target":{"@type":"EntryPoint","urlTemplate":"https:\/\/www.filantropiacortessolari.cl\/?s={search_term_string}"},"query-input":{"@type":"PropertyValueSpecification","valueRequired":true,"valueName":"search_term_string"}}],"inLanguage":"en-US"}]}},"_links":{"self":[{"href":"https:\/\/www.filantropiacortessolari.cl\/en\/wp-json\/wp\/v2\/pages\/11013","targetHints":{"allow":["GET"]}}],"collection":[{"href":"https:\/\/www.filantropiacortessolari.cl\/en\/wp-json\/wp\/v2\/pages"}],"about":[{"href":"https:\/\/www.filantropiacortessolari.cl\/en\/wp-json\/wp\/v2\/types\/page"}],"author":[{"embeddable":true,"href":"https:\/\/www.filantropiacortessolari.cl\/en\/wp-json\/wp\/v2\/users\/1"}],"replies":[{"embeddable":true,"href":"https:\/\/www.filantropiacortessolari.cl\/en\/wp-json\/wp\/v2\/comments?post=11013"}],"version-history":[{"count":4,"href":"https:\/\/www.filantropiacortessolari.cl\/en\/wp-json\/wp\/v2\/pages\/11013\/revisions"}],"predecessor-version":[{"id":11019,"href":"https:\/\/www.filantropiacortessolari.cl\/en\/wp-json\/wp\/v2\/pages\/11013\/revisions\/11019"}],"wp:attachment":[{"href":"https:\/\/www.filantropiacortessolari.cl\/en\/wp-json\/wp\/v2\/media?parent=11013"}],"curies":[{"name":"wp","href":"https:\/\/api.w.org\/{rel}","templated":true}]}}

<style type="text/css"> 
#cmsms_row_69f4b525976eb2_26019931 .cmsms_row_outer_parent { 
	padding-top: 0px; 
} 

#cmsms_row_69f4b525976eb2_26019931 .cmsms_row_outer_parent { 
	padding-bottom: 50px; 
} 

 
#cmsms_row_69f4b525978e15_00253803 .cmsms_row_outer_parent { 
	padding-top: 0px; 
} 

#cmsms_row_69f4b525978e15_00253803 .cmsms_row_outer_parent { 
	padding-bottom: 50px; 
} 

 
#cmsms_row_69f4b525979718_23874013 .cmsms_row_outer_parent { 
	padding-top: 0px; 
} 

#cmsms_row_69f4b525979718_23874013 .cmsms_row_outer_parent { 
	padding-bottom: 50px; 
} 

</style><div id="cmsms_row_69f4b525976eb2_26019931" class="cmsms_row cmsms_color_scheme_default">
<div class="cmsms_row_outer_parent">
<div class="cmsms_row_outer">
<div class="cmsms_row_inner">
<div class="cmsms_row_margin">
<div class="cmsms_column one_first">
<div class="cmsms_text">
<p><img loading="lazy" decoding="async" class="aligncenter size-full wp-image-11015" src="https://www.filantropiacortessolari.cl/wp-content/uploads/2022/08/Conferencia-our-ocean-.jpeg" alt="" width="1920" height="690" srcset="https://www.filantropiacortessolari.cl/wp-content/uploads/2022/08/Conferencia-our-ocean-.jpeg 1920w, https://www.filantropiacortessolari.cl/wp-content/uploads/2022/08/Conferencia-our-ocean--300x108.jpeg 300w, https://www.filantropiacortessolari.cl/wp-content/uploads/2022/08/Conferencia-our-ocean--1024x368.jpeg 1024w, https://www.filantropiacortessolari.cl/wp-content/uploads/2022/08/Conferencia-our-ocean--768x276.jpeg 768w, https://www.filantropiacortessolari.cl/wp-content/uploads/2022/08/Conferencia-our-ocean--1536x552.jpeg 1536w, https://www.filantropiacortessolari.cl/wp-content/uploads/2022/08/Conferencia-our-ocean--580x208.jpeg 580w, https://www.filantropiacortessolari.cl/wp-content/uploads/2022/08/Conferencia-our-ocean--820x295.jpeg 820w, https://www.filantropiacortessolari.cl/wp-content/uploads/2022/08/Conferencia-our-ocean--1160x417.jpeg 1160w" sizes="auto, (max-width: 1920px) 100vw, 1920px" /></p>
</div>
</div>
</div>
</div>
</div>
</div>
</div>
<div id="cmsms_row_69f4b525978e15_00253803" class="cmsms_row cmsms_color_scheme_default">
<div class="cmsms_row_outer_parent">
<div class="cmsms_row_outer">
<div class="cmsms_row_inner">
<div class="cmsms_row_margin">
<div class="cmsms_column one_first">
<div class="cmsms_text">
<h2>The Blue BOAT Initiative has been announced as a concrete country commitment of Chile at the 7th “Our Ocean Palau 2022 Conference”</h2>
<p>On April 14, The Blue Boat Initiative, led by Fundación MERI and the Ministry of the Environment, was presented as a concrete commitment of Chile for the protection of the oceans. This project was presented at the seventh version of Our Ocean Conference, Palau 2022, a key event where countries, civil society and industries take on new challenges and ambitious goals for the protection of the oceans and the environment.</p>
<p>The Chilean Chancellor, Antonia Urrejola, presented this project as an emblematic initiative for the protection of the oceans that will mark a before and after in the use of technology for the conservation of marine ecosystems.</p>
<p>This pilot project, which is unique in South America, will install intelligent buoys with oceanographic sensors in the Northern Patagonia area. The main purpose is to monitor whales, alert vessels of their presence and thus avoid collisions, along with measuring the impact of climate change on marine ecosystems.</p>
<p>“These are intelligent buoys equipped with hydrophones, oceanographic sensors and transmitters. In September will be the placement of the first buoy, a step that will be a milestone for Chile and a worldwide reference of concrete actions for the effective protection of the environment”, adds Sonia Español Jiménez, executive director of Fundación MERI.</p>
<p>The Blue BOAT Initiative will begin operating in September of this year by installing the first buoy, after 5 years of project development by Fundación MERI.</p>
</div>
</div>
</div>
</div>
</div>
</div>
</div>
<div id="cmsms_row_69f4b525979718_23874013" class="cmsms_row cmsms_color_scheme_default">
<div class="cmsms_row_outer_parent">
<div class="cmsms_row_outer">
<div class="cmsms_row_inner">
<div class="cmsms_row_margin">
<div class="cmsms_column one_first">
<div class="cmsms_text">
<p align="center"><iframe loading="lazy" title="YouTube video player" src="https://www.youtube.com/embed/rGIIwFGYVKI" width="100%" height="415" frameborder="0" allowfullscreen="allowfullscreen"></iframe>
</div>
</div>
</div>
</div>
</div>
</div>
</div>

<!-- This site is optimized with the Yoast SEO plugin v27.4 - https://yoast.com/product/yoast-seo-wordpress/ -->
<title>Conferencia Our Ocean Palau 2022</title>
<meta name="robots" content="index, follow, max-snippet:-1, max-image-preview:large, max-video-preview:-1" />
<link rel="canonical" href="https://www.filantropiacortessolari.cl/conferencia-our-ocean-palau-2022/" />
<meta property="og:locale" content="en_US" />
<meta property="og:type" content="article" />
<meta property="og:title" content="Conferencia Our Ocean Palau 2022" />
<meta property="og:url" content="https://www.filantropiacortessolari.cl/conferencia-our-ocean-palau-2022/" />
<meta property="og:site_name" content="Filantropía Cortés Solari" />
<meta property="article:modified_time" content="2022-08-11T19:03:17+00:00" />
<meta property="og:image" content="https://www.filantropiacortessolari.cl/wp-content/uploads/2022/08/Conferencia-our-ocean-.jpeg" />
<meta name="twitter:card" content="summary_large_image" />
<meta name="twitter:label1" content="Est. reading time" />
	<meta name="twitter:data1" content="1 minute" />
<script type="application/ld+json" class="yoast-schema-graph">{"@context":"https:\/\/schema.org","@graph":[{"@type":"WebPage","@id":"https:\/\/www.filantropiacortessolari.cl\/conferencia-our-ocean-palau-2022\/","url":"https:\/\/www.filantropiacortessolari.cl\/conferencia-our-ocean-palau-2022\/","name":"Conferencia Our Ocean Palau 2022","isPartOf":{"@id":"https:\/\/www.filantropiacortessolari.cl\/#website"},"primaryImageOfPage":{"@id":"https:\/\/www.filantropiacortessolari.cl\/conferencia-our-ocean-palau-2022\/#primaryimage"},"image":{"@id":"https:\/\/www.filantropiacortessolari.cl\/conferencia-our-ocean-palau-2022\/#primaryimage"},"thumbnailUrl":"https:\/\/www.filantropiacortessolari.cl\/wp-content\/uploads\/2022\/08\/Conferencia-our-ocean-.jpeg","datePublished":"2022-08-11T16:44:25+00:00","dateModified":"2022-08-11T19:03:17+00:00","breadcrumb":{"@id":"https:\/\/www.filantropiacortessolari.cl\/conferencia-our-ocean-palau-2022\/#breadcrumb"},"inLanguage":"en-US","potentialAction":[{"@type":"ReadAction","target":["https:\/\/www.filantropiacortessolari.cl\/conferencia-our-ocean-palau-2022\/"]}]},{"@type":"ImageObject","inLanguage":"en-US","@id":"https:\/\/www.filantropiacortessolari.cl\/conferencia-our-ocean-palau-2022\/#primaryimage","url":"https:\/\/www.filantropiacortessolari.cl\/wp-content\/uploads\/2022\/08\/Conferencia-our-ocean-.jpeg","contentUrl":"https:\/\/www.filantropiacortessolari.cl\/wp-content\/uploads\/2022\/08\/Conferencia-our-ocean-.jpeg"},{"@type":"BreadcrumbList","@id":"https:\/\/www.filantropiacortessolari.cl\/conferencia-our-ocean-palau-2022\/#breadcrumb","itemListElement":[{"@type":"ListItem","position":1,"name":"Portada","item":"https:\/\/www.filantropiacortessolari.cl\/"},{"@type":"ListItem","position":2,"name":"Conferencia Our Ocean Palau 2022"}]},{"@type":"WebSite","@id":"https:\/\/www.filantropiacortessolari.cl\/#website","url":"https:\/\/www.filantropiacortessolari.cl\/","name":"Filantropía Cortés Solari","description":"Sitio web Filantropía Cortés Solari","potentialAction":[{"@type":"SearchAction","target":{"@type":"EntryPoint","urlTemplate":"https:\/\/www.filantropiacortessolari.cl\/?s={search_term_string}"},"query-input":{"@type":"PropertyValueSpecification","valueRequired":true,"valueName":"search_term_string"}}],"inLanguage":"en-US"}]}</script>
<!-- / Yoast SEO plugin. -->

Filantropía Cortés Solari

Sitio web Filantropía Cortés Solari
