{"id":8340,"date":"2019-08-26T10:32:09","date_gmt":"2019-08-26T13:32:09","guid":{"rendered":"http:\/\/intranet.filantropiacortessolari.cl\/?page_id=8340"},"modified":"2022-06-18T17:23:39","modified_gmt":"2022-06-18T20:23:39","slug":"fecu-social","status":"publish","type":"page","link":"https:\/\/www.filantropiacortessolari.cl\/en\/fecu-social\/","title":{"rendered":"FECU SOCIAL"},"content":{"rendered":"<style type=\"text\/css\"> \n#cmsms_row_69eeba906510a1_91104848 .cmsms_row_outer_parent { \n\tpadding-top: 0px; \n} \n\n#cmsms_row_69eeba906510a1_91104848 .cmsms_row_outer_parent { \n\tpadding-bottom: 50px; \n} \n\n#cmsms_row_69eeba906510a1_91104848 .cmsms_row_inner.cmsms_row_fullwidth { \n\tpadding-left:0%; \n} \n#cmsms_row_69eeba906510a1_91104848 .cmsms_row_inner.cmsms_row_fullwidth { \n\tpadding-right:0%; \n} \n \n#cmsms_row_69eeba90654b18_29164069 .cmsms_row_outer_parent { \n\tpadding-top: 0px; \n} \n\n#cmsms_row_69eeba90654b18_29164069 .cmsms_row_outer_parent { \n\tpadding-bottom: 50px; \n} \n\n \n#cmsms_row_69eeba90655635_50492627 .cmsms_row_outer_parent { \n\tpadding-top: 0px; \n} \n\n#cmsms_row_69eeba90655635_50492627 .cmsms_row_outer_parent { \n\tpadding-bottom: 0px; \n} \n\n \n#cmsms_row_69eeba90655b72_33306890 .cmsms_row_outer_parent { \n\tpadding-top: 0px; \n} \n\n#cmsms_row_69eeba90655b72_33306890 .cmsms_row_outer_parent { \n\tpadding-bottom: 50px; \n} \n\n<\/style><div id=\"cmsms_row_69eeba906510a1_91104848\" class=\"cmsms_row cmsms_color_scheme_default\">\n<div class=\"cmsms_row_outer_parent\">\n<div class=\"cmsms_row_outer\">\n<div class=\"cmsms_row_inner cmsms_row_fullwidth\">\n<div class=\"cmsms_row_margin\">\n<div class=\"cmsms_column one_first\">\n<div class=\"aligncenter\">\n<div class=\"cmsms_img  cmsms_image_c\">\n<img decoding=\"async\" src=\"https:\/\/www.filantropiacortessolari.cl\/wp-content\/uploads\/2020\/04\/fecu.jpg\" \/>\n<\/div>\n<\/div>\n<\/div>\n<\/div>\n<\/div>\n<\/div>\n<\/div>\n<\/div>\n<div id=\"cmsms_row_69eeba90654b18_29164069\" class=\"cmsms_row cmsms_color_scheme_default\">\n<div class=\"cmsms_row_outer_parent\">\n<div class=\"cmsms_row_outer\">\n<div class=\"cmsms_row_inner\">\n<div class=\"cmsms_row_margin\">\n<div class=\"cmsms_column one_first\">\n<div class=\"cmsms_text\">\n<h1>FECU SOCIAL<\/h1>\n<\/div>\n<\/div>\n<\/div>\n<\/div>\n<\/div>\n<\/div>\n<\/div>\n<div id=\"cmsms_row_69eeba90655635_50492627\" class=\"cmsms_row cmsms_color_scheme_default\">\n<div class=\"cmsms_row_outer_parent\">\n<div class=\"cmsms_row_outer\">\n<div class=\"cmsms_row_inner\">\n<div class=\"cmsms_row_margin\">\n<div class=\"cmsms_column one_first\">\n<div class=\"cmsms_text\">\n<p>In Spanish, FECU stands for Ficha Estad\u00edstica Codificada Uniforme (Uniform Codified Statistical Form). These reports contain the description of the annual activities, as well as the financial statements of each institution.<\/p>\n<p>By utilizing these reports, FCS institutions meet high standards of transparency, as stipulated by the Community of Social Organizations. Below you can find the Social FECUs of our foundations.<\/p>\n<\/div>\n<\/div>\n<\/div>\n<\/div>\n<\/div>\n<\/div>\n<\/div>\n<div id=\"cmsms_row_69eeba90655b72_33306890\" class=\"cmsms_row cmsms_color_scheme_default\">\n<div class=\"cmsms_row_outer_parent\">\n<div class=\"cmsms_row_outer\">\n<div class=\"cmsms_row_inner\">\n<div class=\"cmsms_row_margin\">\n<div class=\"cmsms_column one_half\">\n<div class=\"cmsms_text\">\n<h3><strong>MERI FOUNDATION FECU<\/strong><\/h3>\n<p>Review our FECU Social 2016 <a href=\"https:\/\/www.fundacionmeri.cl\/wp-content\/uploads\/2019\/05\/FECU-Social-2017-Fundac-Centro-Meri-simplificada.docx\">here<\/a><\/p>\n<p>Review our FECU Social 2017 <a href=\"https:\/\/www.fundacionmeri.cl\/wp-content\/uploads\/2019\/05\/FECU-Social-2018-Fundac-Centro-Meri-simplificada.pdf\">here<\/a><\/p>\n<\/div>\n<\/div>\n<div class=\"cmsms_column one_half\">\n<div class=\"cmsms_text\">\n<h3><strong>CASERTA FOUNDATION FECU<\/strong><\/h3>\n<p>Review our FECU Social 2018 <a href=\"https:\/\/www.filantropiacortessolari.cl\/wp-content\/uploads\/2019\/08\/FECU-SOCIAL-Fundacion-CASERTA-2019-Final-.julio-2019docx.pdf\">here<\/a><\/p>\n<\/div>\n<\/div>\n<\/div>\n<\/div>\n<\/div>\n<\/div>\n<\/div>\n\n","protected":false},"excerpt":{"rendered":"","protected":false},"author":1,"featured_media":0,"parent":0,"menu_order":0,"comment_status":"closed","ping_status":"closed","template":"","meta":{"footnotes":""},"class_list":["post-8340","page","type-page","status-publish","hentry"],"translation":{"provider":"WPGlobus","version":"3.0.2","language":"en","enabled_languages":["es","en"],"languages":{"es":{"title":true,"content":true,"excerpt":false},"en":{"title":true,"content":true,"excerpt":false}}},"yoast_head":"<!-- This site is optimized with the Yoast SEO plugin v27.4 - https:\/\/yoast.com\/product\/yoast-seo-wordpress\/ -->\n<title>FECU SOCIAL<\/title>\n<meta name=\"robots\" content=\"index, follow, max-snippet:-1, max-image-preview:large, max-video-preview:-1\" \/>\n<link rel=\"canonical\" href=\"https:\/\/www.filantropiacortessolari.cl\/fecu-social\/\" \/>\n<meta property=\"og:locale\" content=\"en_US\" \/>\n<meta property=\"og:type\" content=\"article\" \/>\n<meta property=\"og:title\" content=\"FECU SOCIAL\" \/>\n<meta property=\"og:url\" content=\"https:\/\/www.filantropiacortessolari.cl\/fecu-social\/\" \/>\n<meta property=\"og:site_name\" content=\"Filantrop\u00eda Cort\u00e9s Solari\" \/>\n<meta property=\"article:modified_time\" content=\"2022-06-18T20:23:39+00:00\" \/>\n<meta name=\"twitter:card\" content=\"summary_large_image\" \/>\n<meta name=\"twitter:label1\" content=\"Est. reading time\" \/>\n\t<meta name=\"twitter:data1\" content=\"1 minute\" \/>\n<script type=\"application\/ld+json\" class=\"yoast-schema-graph\">{\"@context\":\"https:\\\/\\\/schema.org\",\"@graph\":[{\"@type\":\"WebPage\",\"@id\":\"https:\\\/\\\/www.filantropiacortessolari.cl\\\/fecu-social\\\/\",\"url\":\"https:\\\/\\\/www.filantropiacortessolari.cl\\\/fecu-social\\\/\",\"name\":\"FECU SOCIAL\",\"isPartOf\":{\"@id\":\"https:\\\/\\\/www.filantropiacortessolari.cl\\\/#website\"},\"datePublished\":\"2019-08-26T13:32:09+00:00\",\"dateModified\":\"2022-06-18T20:23:39+00:00\",\"breadcrumb\":{\"@id\":\"https:\\\/\\\/www.filantropiacortessolari.cl\\\/fecu-social\\\/#breadcrumb\"},\"inLanguage\":\"en-US\",\"potentialAction\":[{\"@type\":\"ReadAction\",\"target\":[\"https:\\\/\\\/www.filantropiacortessolari.cl\\\/fecu-social\\\/\"]}]},{\"@type\":\"BreadcrumbList\",\"@id\":\"https:\\\/\\\/www.filantropiacortessolari.cl\\\/fecu-social\\\/#breadcrumb\",\"itemListElement\":[{\"@type\":\"ListItem\",\"position\":1,\"name\":\"Portada\",\"item\":\"https:\\\/\\\/www.filantropiacortessolari.cl\\\/\"},{\"@type\":\"ListItem\",\"position\":2,\"name\":\"FECU SOCIAL\"}]},{\"@type\":\"WebSite\",\"@id\":\"https:\\\/\\\/www.filantropiacortessolari.cl\\\/#website\",\"url\":\"https:\\\/\\\/www.filantropiacortessolari.cl\\\/\",\"name\":\"Filantrop\u00eda Cort\u00e9s Solari\",\"description\":\"Sitio web Filantrop\u00eda Cort\u00e9s Solari\",\"potentialAction\":[{\"@type\":\"SearchAction\",\"target\":{\"@type\":\"EntryPoint\",\"urlTemplate\":\"https:\\\/\\\/www.filantropiacortessolari.cl\\\/?s={search_term_string}\"},\"query-input\":{\"@type\":\"PropertyValueSpecification\",\"valueRequired\":true,\"valueName\":\"search_term_string\"}}],\"inLanguage\":\"en-US\"}]}<\/script>\n<!-- \/ Yoast SEO plugin. -->","yoast_head_json":{"title":"FECU SOCIAL","robots":{"index":"index","follow":"follow","max-snippet":"max-snippet:-1","max-image-preview":"max-image-preview:large","max-video-preview":"max-video-preview:-1"},"canonical":"https:\/\/www.filantropiacortessolari.cl\/fecu-social\/","og_locale":"en_US","og_type":"article","og_title":"FECU SOCIAL","og_url":"https:\/\/www.filantropiacortessolari.cl\/fecu-social\/","og_site_name":"Filantrop\u00eda Cort\u00e9s Solari","article_modified_time":"2022-06-18T20:23:39+00:00","twitter_card":"summary_large_image","twitter_misc":{"Est. reading time":"1 minute"},"schema":{"@context":"https:\/\/schema.org","@graph":[{"@type":"WebPage","@id":"https:\/\/www.filantropiacortessolari.cl\/fecu-social\/","url":"https:\/\/www.filantropiacortessolari.cl\/fecu-social\/","name":"FECU SOCIAL","isPartOf":{"@id":"https:\/\/www.filantropiacortessolari.cl\/#website"},"datePublished":"2019-08-26T13:32:09+00:00","dateModified":"2022-06-18T20:23:39+00:00","breadcrumb":{"@id":"https:\/\/www.filantropiacortessolari.cl\/fecu-social\/#breadcrumb"},"inLanguage":"en-US","potentialAction":[{"@type":"ReadAction","target":["https:\/\/www.filantropiacortessolari.cl\/fecu-social\/"]}]},{"@type":"BreadcrumbList","@id":"https:\/\/www.filantropiacortessolari.cl\/fecu-social\/#breadcrumb","itemListElement":[{"@type":"ListItem","position":1,"name":"Portada","item":"https:\/\/www.filantropiacortessolari.cl\/"},{"@type":"ListItem","position":2,"name":"FECU SOCIAL"}]},{"@type":"WebSite","@id":"https:\/\/www.filantropiacortessolari.cl\/#website","url":"https:\/\/www.filantropiacortessolari.cl\/","name":"Filantrop\u00eda Cort\u00e9s Solari","description":"Sitio web Filantrop\u00eda Cort\u00e9s Solari","potentialAction":[{"@type":"SearchAction","target":{"@type":"EntryPoint","urlTemplate":"https:\/\/www.filantropiacortessolari.cl\/?s={search_term_string}"},"query-input":{"@type":"PropertyValueSpecification","valueRequired":true,"valueName":"search_term_string"}}],"inLanguage":"en-US"}]}},"_links":{"self":[{"href":"https:\/\/www.filantropiacortessolari.cl\/en\/wp-json\/wp\/v2\/pages\/8340","targetHints":{"allow":["GET"]}}],"collection":[{"href":"https:\/\/www.filantropiacortessolari.cl\/en\/wp-json\/wp\/v2\/pages"}],"about":[{"href":"https:\/\/www.filantropiacortessolari.cl\/en\/wp-json\/wp\/v2\/types\/page"}],"author":[{"embeddable":true,"href":"https:\/\/www.filantropiacortessolari.cl\/en\/wp-json\/wp\/v2\/users\/1"}],"replies":[{"embeddable":true,"href":"https:\/\/www.filantropiacortessolari.cl\/en\/wp-json\/wp\/v2\/comments?post=8340"}],"version-history":[{"count":11,"href":"https:\/\/www.filantropiacortessolari.cl\/en\/wp-json\/wp\/v2\/pages\/8340\/revisions"}],"predecessor-version":[{"id":10679,"href":"https:\/\/www.filantropiacortessolari.cl\/en\/wp-json\/wp\/v2\/pages\/8340\/revisions\/10679"}],"wp:attachment":[{"href":"https:\/\/www.filantropiacortessolari.cl\/en\/wp-json\/wp\/v2\/media?parent=8340"}],"curies":[{"name":"wp","href":"https:\/\/api.w.org\/{rel}","templated":true}]}}

<style type="text/css"> 
#cmsms_row_69eeba906510a1_91104848 .cmsms_row_outer_parent { 
	padding-top: 0px; 
} 

#cmsms_row_69eeba906510a1_91104848 .cmsms_row_outer_parent { 
	padding-bottom: 50px; 
} 

#cmsms_row_69eeba906510a1_91104848 .cmsms_row_inner.cmsms_row_fullwidth { 
	padding-left:0%; 
} 
#cmsms_row_69eeba906510a1_91104848 .cmsms_row_inner.cmsms_row_fullwidth { 
	padding-right:0%; 
} 
 
#cmsms_row_69eeba90654b18_29164069 .cmsms_row_outer_parent { 
	padding-top: 0px; 
} 

#cmsms_row_69eeba90654b18_29164069 .cmsms_row_outer_parent { 
	padding-bottom: 50px; 
} 

 
#cmsms_row_69eeba90655635_50492627 .cmsms_row_outer_parent { 
	padding-top: 0px; 
} 

#cmsms_row_69eeba90655635_50492627 .cmsms_row_outer_parent { 
	padding-bottom: 0px; 
} 

 
#cmsms_row_69eeba90655b72_33306890 .cmsms_row_outer_parent { 
	padding-top: 0px; 
} 

#cmsms_row_69eeba90655b72_33306890 .cmsms_row_outer_parent { 
	padding-bottom: 50px; 
} 

</style><div id="cmsms_row_69eeba906510a1_91104848" class="cmsms_row cmsms_color_scheme_default">
<div class="cmsms_row_outer_parent">
<div class="cmsms_row_outer">
<div class="cmsms_row_inner cmsms_row_fullwidth">
<div class="cmsms_row_margin">
<div class="cmsms_column one_first">
<div class="aligncenter">
<div class="cmsms_img  cmsms_image_c">
<img decoding="async" src="https://www.filantropiacortessolari.cl/wp-content/uploads/2020/04/fecu.jpg" />
</div>
</div>
</div>
</div>
</div>
</div>
</div>
</div>
<div id="cmsms_row_69eeba90654b18_29164069" class="cmsms_row cmsms_color_scheme_default">
<div class="cmsms_row_outer_parent">
<div class="cmsms_row_outer">
<div class="cmsms_row_inner">
<div class="cmsms_row_margin">
<div class="cmsms_column one_first">
<div class="cmsms_text">
<h1>FECU SOCIAL</h1>
</div>
</div>
</div>
</div>
</div>
</div>
</div>
<div id="cmsms_row_69eeba90655635_50492627" class="cmsms_row cmsms_color_scheme_default">
<div class="cmsms_row_outer_parent">
<div class="cmsms_row_outer">
<div class="cmsms_row_inner">
<div class="cmsms_row_margin">
<div class="cmsms_column one_first">
<div class="cmsms_text">
<p>In Spanish, FECU stands for Ficha Estadística Codificada Uniforme (Uniform Codified Statistical Form). These reports contain the description of the annual activities, as well as the financial statements of each institution.</p>
<p>By utilizing these reports, FCS institutions meet high standards of transparency, as stipulated by the Community of Social Organizations. Below you can find the Social FECUs of our foundations.</p>
</div>
</div>
</div>
</div>
</div>
</div>
</div>
<div id="cmsms_row_69eeba90655b72_33306890" class="cmsms_row cmsms_color_scheme_default">
<div class="cmsms_row_outer_parent">
<div class="cmsms_row_outer">
<div class="cmsms_row_inner">
<div class="cmsms_row_margin">
<div class="cmsms_column one_half">
<div class="cmsms_text">
<h3><strong>MERI FOUNDATION FECU</strong></h3>
<p>Review our FECU Social 2016 <a href="https://www.fundacionmeri.cl/wp-content/uploads/2019/05/FECU-Social-2017-Fundac-Centro-Meri-simplificada.docx">here</a></p>
<p>Review our FECU Social 2017 <a href="https://www.fundacionmeri.cl/wp-content/uploads/2019/05/FECU-Social-2018-Fundac-Centro-Meri-simplificada.pdf">here</a></p>
</div>
</div>
<div class="cmsms_column one_half">
<div class="cmsms_text">
<h3><strong>CASERTA FOUNDATION FECU</strong></h3>
<p>Review our FECU Social 2018 <a href="https://www.filantropiacortessolari.cl/wp-content/uploads/2019/08/FECU-SOCIAL-Fundacion-CASERTA-2019-Final-.julio-2019docx.pdf">here</a></p>
</div>
</div>
</div>
</div>
</div>
</div>
</div>

<!-- This site is optimized with the Yoast SEO plugin v27.4 - https://yoast.com/product/yoast-seo-wordpress/ -->
<title>FECU SOCIAL</title>
<meta name="robots" content="index, follow, max-snippet:-1, max-image-preview:large, max-video-preview:-1" />
<link rel="canonical" href="https://www.filantropiacortessolari.cl/fecu-social/" />
<meta property="og:locale" content="en_US" />
<meta property="og:type" content="article" />
<meta property="og:title" content="FECU SOCIAL" />
<meta property="og:url" content="https://www.filantropiacortessolari.cl/fecu-social/" />
<meta property="og:site_name" content="Filantropía Cortés Solari" />
<meta property="article:modified_time" content="2022-06-18T20:23:39+00:00" />
<meta name="twitter:card" content="summary_large_image" />
<meta name="twitter:label1" content="Est. reading time" />
	<meta name="twitter:data1" content="1 minute" />
<script type="application/ld+json" class="yoast-schema-graph">{"@context":"https:\/\/schema.org","@graph":[{"@type":"WebPage","@id":"https:\/\/www.filantropiacortessolari.cl\/fecu-social\/","url":"https:\/\/www.filantropiacortessolari.cl\/fecu-social\/","name":"FECU SOCIAL","isPartOf":{"@id":"https:\/\/www.filantropiacortessolari.cl\/#website"},"datePublished":"2019-08-26T13:32:09+00:00","dateModified":"2022-06-18T20:23:39+00:00","breadcrumb":{"@id":"https:\/\/www.filantropiacortessolari.cl\/fecu-social\/#breadcrumb"},"inLanguage":"en-US","potentialAction":[{"@type":"ReadAction","target":["https:\/\/www.filantropiacortessolari.cl\/fecu-social\/"]}]},{"@type":"BreadcrumbList","@id":"https:\/\/www.filantropiacortessolari.cl\/fecu-social\/#breadcrumb","itemListElement":[{"@type":"ListItem","position":1,"name":"Portada","item":"https:\/\/www.filantropiacortessolari.cl\/"},{"@type":"ListItem","position":2,"name":"FECU SOCIAL"}]},{"@type":"WebSite","@id":"https:\/\/www.filantropiacortessolari.cl\/#website","url":"https:\/\/www.filantropiacortessolari.cl\/","name":"Filantropía Cortés Solari","description":"Sitio web Filantropía Cortés Solari","potentialAction":[{"@type":"SearchAction","target":{"@type":"EntryPoint","urlTemplate":"https:\/\/www.filantropiacortessolari.cl\/?s={search_term_string}"},"query-input":{"@type":"PropertyValueSpecification","valueRequired":true,"valueName":"search_term_string"}}],"inLanguage":"en-US"}]}</script>
<!-- / Yoast SEO plugin. -->

Filantropía Cortés Solari

Sitio web Filantropía Cortés Solari
