{"id":9277,"date":"2020-03-02T17:02:02","date_gmt":"2020-03-02T20:02:02","guid":{"rendered":"https:\/\/www.filantropiacortessolari.cl\/?page_id=9277"},"modified":"2020-03-02T17:49:36","modified_gmt":"2020-03-02T20:49:36","slug":"conferencia-regional-para-el-cambio-climatico","status":"publish","type":"page","link":"https:\/\/www.filantropiacortessolari.cl\/en\/conferencia-regional-para-el-cambio-climatico\/","title":{"rendered":"Conferencia Regional para el cambio clim\u00e1tico"},"content":{"rendered":"<style type=\"text\/css\"><\/style><h1>Conferencia Regional para el cambio clim\u00e1tico<\/h1>\n<p><\/p>\n<p align=\"center\"><img loading=\"lazy\" decoding=\"async\" class=\"aligncenter size-full wp-image-9290\" src=\"https:\/\/www.filantropiacortessolari.cl\/wp-content\/uploads\/2020\/03\/Programa-V3.png\" alt=\"\" width=\"800\" height=\"1854\" srcset=\"https:\/\/www.filantropiacortessolari.cl\/wp-content\/uploads\/2020\/03\/Programa-V3.png 800w, https:\/\/www.filantropiacortessolari.cl\/wp-content\/uploads\/2020\/03\/Programa-V3-129x300.png 129w, https:\/\/www.filantropiacortessolari.cl\/wp-content\/uploads\/2020\/03\/Programa-V3-768x1780.png 768w, https:\/\/www.filantropiacortessolari.cl\/wp-content\/uploads\/2020\/03\/Programa-V3-442x1024.png 442w, https:\/\/www.filantropiacortessolari.cl\/wp-content\/uploads\/2020\/03\/Programa-V3-580x1344.png 580w\" sizes=\"auto, (max-width: 800px) 100vw, 800px\" \/><\/p>\n<p align=\"center\"><iframe loading=\"lazy\" src=\"https:\/\/docs.google.com\/forms\/d\/e\/1FAIpQLSco4ZQjGqdrD9b5X3tRqwVDOrlpjzeawF1uOr27cCjEwj-2kg\/viewform?embedded=true\" width=\"640\" height=\"1537\" frameborder=\"0\" marginwidth=\"0\" marginheight=\"0\"><span data-mce-type=\"bookmark\" style=\"display: inline-block; width: 0px; overflow: hidden; line-height: 0;\" class=\"mce_SELRES_start\">\ufeff<\/span><span data-mce-type=\"bookmark\" style=\"display: inline-block; width: 0px; overflow: hidden; line-height: 0;\" class=\"mce_SELRES_start\">\ufeff<\/span>Cargando\u2026<\/iframe><\/p>\n","protected":false},"excerpt":{"rendered":"<p>Conferencia Regional para el cambio clim\u00e1tico \ufeff\ufeffCargando\u2026<\/p>\n","protected":false},"author":1,"featured_media":0,"parent":0,"menu_order":0,"comment_status":"closed","ping_status":"closed","template":"","meta":{"footnotes":""},"class_list":["post-9277","page","type-page","status-publish","hentry"],"translation":{"provider":"WPGlobus","version":"3.0.2","language":"en","enabled_languages":["es","en"],"languages":{"es":{"title":true,"content":true,"excerpt":false},"en":{"title":false,"content":false,"excerpt":false}}},"yoast_head":"<!-- This site is optimized with the Yoast SEO plugin v27.4 - https:\/\/yoast.com\/product\/yoast-seo-wordpress\/ -->\n<title>Conferencia Regional para el cambio clim\u00e1tico<\/title>\n<meta name=\"robots\" content=\"index, follow, max-snippet:-1, max-image-preview:large, max-video-preview:-1\" \/>\n<link rel=\"canonical\" href=\"https:\/\/www.filantropiacortessolari.cl\/conferencia-regional-para-el-cambio-climatico\/\" \/>\n<meta property=\"og:locale\" content=\"en_US\" \/>\n<meta property=\"og:type\" content=\"article\" \/>\n<meta property=\"og:title\" content=\"Conferencia Regional para el cambio clim\u00e1tico\" \/>\n<meta property=\"og:url\" content=\"https:\/\/www.filantropiacortessolari.cl\/conferencia-regional-para-el-cambio-climatico\/\" \/>\n<meta property=\"og:site_name\" content=\"Filantrop\u00eda Cort\u00e9s Solari\" \/>\n<meta property=\"article:modified_time\" content=\"2020-03-02T20:49:36+00:00\" \/>\n<meta property=\"og:image\" content=\"https:\/\/www.filantropiacortessolari.cl\/wp-content\/uploads\/2020\/03\/Programa-V3.png\" \/>\n<meta name=\"twitter:card\" content=\"summary_large_image\" \/>\n<script type=\"application\/ld+json\" class=\"yoast-schema-graph\">{\"@context\":\"https:\\\/\\\/schema.org\",\"@graph\":[{\"@type\":\"WebPage\",\"@id\":\"https:\\\/\\\/www.filantropiacortessolari.cl\\\/conferencia-regional-para-el-cambio-climatico\\\/\",\"url\":\"https:\\\/\\\/www.filantropiacortessolari.cl\\\/conferencia-regional-para-el-cambio-climatico\\\/\",\"name\":\"Conferencia Regional para el cambio clim\u00e1tico\",\"isPartOf\":{\"@id\":\"https:\\\/\\\/www.filantropiacortessolari.cl\\\/#website\"},\"primaryImageOfPage\":{\"@id\":\"https:\\\/\\\/www.filantropiacortessolari.cl\\\/conferencia-regional-para-el-cambio-climatico\\\/#primaryimage\"},\"image\":{\"@id\":\"https:\\\/\\\/www.filantropiacortessolari.cl\\\/conferencia-regional-para-el-cambio-climatico\\\/#primaryimage\"},\"thumbnailUrl\":\"https:\\\/\\\/www.filantropiacortessolari.cl\\\/wp-content\\\/uploads\\\/2020\\\/03\\\/Programa-V3.png\",\"datePublished\":\"2020-03-02T20:02:02+00:00\",\"dateModified\":\"2020-03-02T20:49:36+00:00\",\"breadcrumb\":{\"@id\":\"https:\\\/\\\/www.filantropiacortessolari.cl\\\/conferencia-regional-para-el-cambio-climatico\\\/#breadcrumb\"},\"inLanguage\":\"en-US\",\"potentialAction\":[{\"@type\":\"ReadAction\",\"target\":[\"https:\\\/\\\/www.filantropiacortessolari.cl\\\/conferencia-regional-para-el-cambio-climatico\\\/\"]}]},{\"@type\":\"ImageObject\",\"inLanguage\":\"en-US\",\"@id\":\"https:\\\/\\\/www.filantropiacortessolari.cl\\\/conferencia-regional-para-el-cambio-climatico\\\/#primaryimage\",\"url\":\"https:\\\/\\\/www.filantropiacortessolari.cl\\\/wp-content\\\/uploads\\\/2020\\\/03\\\/Programa-V3.png\",\"contentUrl\":\"https:\\\/\\\/www.filantropiacortessolari.cl\\\/wp-content\\\/uploads\\\/2020\\\/03\\\/Programa-V3.png\"},{\"@type\":\"BreadcrumbList\",\"@id\":\"https:\\\/\\\/www.filantropiacortessolari.cl\\\/conferencia-regional-para-el-cambio-climatico\\\/#breadcrumb\",\"itemListElement\":[{\"@type\":\"ListItem\",\"position\":1,\"name\":\"Portada\",\"item\":\"https:\\\/\\\/www.filantropiacortessolari.cl\\\/\"},{\"@type\":\"ListItem\",\"position\":2,\"name\":\"Conferencia Regional para el cambio clim\u00e1tico\"}]},{\"@type\":\"WebSite\",\"@id\":\"https:\\\/\\\/www.filantropiacortessolari.cl\\\/#website\",\"url\":\"https:\\\/\\\/www.filantropiacortessolari.cl\\\/\",\"name\":\"Filantrop\u00eda Cort\u00e9s Solari\",\"description\":\"Sitio web Filantrop\u00eda Cort\u00e9s Solari\",\"potentialAction\":[{\"@type\":\"SearchAction\",\"target\":{\"@type\":\"EntryPoint\",\"urlTemplate\":\"https:\\\/\\\/www.filantropiacortessolari.cl\\\/?s={search_term_string}\"},\"query-input\":{\"@type\":\"PropertyValueSpecification\",\"valueRequired\":true,\"valueName\":\"search_term_string\"}}],\"inLanguage\":\"en-US\"}]}<\/script>\n<!-- \/ Yoast SEO plugin. -->","yoast_head_json":{"title":"Conferencia Regional para el cambio clim\u00e1tico","robots":{"index":"index","follow":"follow","max-snippet":"max-snippet:-1","max-image-preview":"max-image-preview:large","max-video-preview":"max-video-preview:-1"},"canonical":"https:\/\/www.filantropiacortessolari.cl\/conferencia-regional-para-el-cambio-climatico\/","og_locale":"en_US","og_type":"article","og_title":"Conferencia Regional para el cambio clim\u00e1tico","og_url":"https:\/\/www.filantropiacortessolari.cl\/conferencia-regional-para-el-cambio-climatico\/","og_site_name":"Filantrop\u00eda Cort\u00e9s Solari","article_modified_time":"2020-03-02T20:49:36+00:00","og_image":[{"url":"https:\/\/www.filantropiacortessolari.cl\/wp-content\/uploads\/2020\/03\/Programa-V3.png","type":"","width":"","height":""}],"twitter_card":"summary_large_image","schema":{"@context":"https:\/\/schema.org","@graph":[{"@type":"WebPage","@id":"https:\/\/www.filantropiacortessolari.cl\/conferencia-regional-para-el-cambio-climatico\/","url":"https:\/\/www.filantropiacortessolari.cl\/conferencia-regional-para-el-cambio-climatico\/","name":"Conferencia Regional para el cambio clim\u00e1tico","isPartOf":{"@id":"https:\/\/www.filantropiacortessolari.cl\/#website"},"primaryImageOfPage":{"@id":"https:\/\/www.filantropiacortessolari.cl\/conferencia-regional-para-el-cambio-climatico\/#primaryimage"},"image":{"@id":"https:\/\/www.filantropiacortessolari.cl\/conferencia-regional-para-el-cambio-climatico\/#primaryimage"},"thumbnailUrl":"https:\/\/www.filantropiacortessolari.cl\/wp-content\/uploads\/2020\/03\/Programa-V3.png","datePublished":"2020-03-02T20:02:02+00:00","dateModified":"2020-03-02T20:49:36+00:00","breadcrumb":{"@id":"https:\/\/www.filantropiacortessolari.cl\/conferencia-regional-para-el-cambio-climatico\/#breadcrumb"},"inLanguage":"en-US","potentialAction":[{"@type":"ReadAction","target":["https:\/\/www.filantropiacortessolari.cl\/conferencia-regional-para-el-cambio-climatico\/"]}]},{"@type":"ImageObject","inLanguage":"en-US","@id":"https:\/\/www.filantropiacortessolari.cl\/conferencia-regional-para-el-cambio-climatico\/#primaryimage","url":"https:\/\/www.filantropiacortessolari.cl\/wp-content\/uploads\/2020\/03\/Programa-V3.png","contentUrl":"https:\/\/www.filantropiacortessolari.cl\/wp-content\/uploads\/2020\/03\/Programa-V3.png"},{"@type":"BreadcrumbList","@id":"https:\/\/www.filantropiacortessolari.cl\/conferencia-regional-para-el-cambio-climatico\/#breadcrumb","itemListElement":[{"@type":"ListItem","position":1,"name":"Portada","item":"https:\/\/www.filantropiacortessolari.cl\/"},{"@type":"ListItem","position":2,"name":"Conferencia Regional para el cambio clim\u00e1tico"}]},{"@type":"WebSite","@id":"https:\/\/www.filantropiacortessolari.cl\/#website","url":"https:\/\/www.filantropiacortessolari.cl\/","name":"Filantrop\u00eda Cort\u00e9s Solari","description":"Sitio web Filantrop\u00eda Cort\u00e9s Solari","potentialAction":[{"@type":"SearchAction","target":{"@type":"EntryPoint","urlTemplate":"https:\/\/www.filantropiacortessolari.cl\/?s={search_term_string}"},"query-input":{"@type":"PropertyValueSpecification","valueRequired":true,"valueName":"search_term_string"}}],"inLanguage":"en-US"}]}},"_links":{"self":[{"href":"https:\/\/www.filantropiacortessolari.cl\/en\/wp-json\/wp\/v2\/pages\/9277","targetHints":{"allow":["GET"]}}],"collection":[{"href":"https:\/\/www.filantropiacortessolari.cl\/en\/wp-json\/wp\/v2\/pages"}],"about":[{"href":"https:\/\/www.filantropiacortessolari.cl\/en\/wp-json\/wp\/v2\/types\/page"}],"author":[{"embeddable":true,"href":"https:\/\/www.filantropiacortessolari.cl\/en\/wp-json\/wp\/v2\/users\/1"}],"replies":[{"embeddable":true,"href":"https:\/\/www.filantropiacortessolari.cl\/en\/wp-json\/wp\/v2\/comments?post=9277"}],"version-history":[{"count":9,"href":"https:\/\/www.filantropiacortessolari.cl\/en\/wp-json\/wp\/v2\/pages\/9277\/revisions"}],"predecessor-version":[{"id":9294,"href":"https:\/\/www.filantropiacortessolari.cl\/en\/wp-json\/wp\/v2\/pages\/9277\/revisions\/9294"}],"wp:attachment":[{"href":"https:\/\/www.filantropiacortessolari.cl\/en\/wp-json\/wp\/v2\/media?parent=9277"}],"curies":[{"name":"wp","href":"https:\/\/api.w.org\/{rel}","templated":true}]}}

Conferencia Regional para el cambio climático

<style type="text/css"></style><h1>Conferencia Regional para el cambio climático</h1>
<p></p>
<p align="center"><img loading="lazy" decoding="async" class="aligncenter size-full wp-image-9290" src="https://www.filantropiacortessolari.cl/wp-content/uploads/2020/03/Programa-V3.png" alt="" width="800" height="1854" srcset="https://www.filantropiacortessolari.cl/wp-content/uploads/2020/03/Programa-V3.png 800w, https://www.filantropiacortessolari.cl/wp-content/uploads/2020/03/Programa-V3-129x300.png 129w, https://www.filantropiacortessolari.cl/wp-content/uploads/2020/03/Programa-V3-768x1780.png 768w, https://www.filantropiacortessolari.cl/wp-content/uploads/2020/03/Programa-V3-442x1024.png 442w, https://www.filantropiacortessolari.cl/wp-content/uploads/2020/03/Programa-V3-580x1344.png 580w" sizes="auto, (max-width: 800px) 100vw, 800px" /></p>
<p align="center"><iframe loading="lazy" src="https://docs.google.com/forms/d/e/1FAIpQLSco4ZQjGqdrD9b5X3tRqwVDOrlpjzeawF1uOr27cCjEwj-2kg/viewform?embedded=true" width="640" height="1537" frameborder="0" marginwidth="0" marginheight="0"><span data-mce-type="bookmark" style="display: inline-block; width: 0px; overflow: hidden; line-height: 0;" class="mce_SELRES_start">﻿</span><span data-mce-type="bookmark" style="display: inline-block; width: 0px; overflow: hidden; line-height: 0;" class="mce_SELRES_start">﻿</span>Cargando…</iframe></p>

<p>Conferencia Regional para el cambio climático ﻿﻿Cargando…</p>

<!-- This site is optimized with the Yoast SEO plugin v27.4 - https://yoast.com/product/yoast-seo-wordpress/ -->
<title>Conferencia Regional para el cambio climático</title>
<meta name="robots" content="index, follow, max-snippet:-1, max-image-preview:large, max-video-preview:-1" />
<link rel="canonical" href="https://www.filantropiacortessolari.cl/conferencia-regional-para-el-cambio-climatico/" />
<meta property="og:locale" content="en_US" />
<meta property="og:type" content="article" />
<meta property="og:title" content="Conferencia Regional para el cambio climático" />
<meta property="og:url" content="https://www.filantropiacortessolari.cl/conferencia-regional-para-el-cambio-climatico/" />
<meta property="og:site_name" content="Filantropía Cortés Solari" />
<meta property="article:modified_time" content="2020-03-02T20:49:36+00:00" />
<meta property="og:image" content="https://www.filantropiacortessolari.cl/wp-content/uploads/2020/03/Programa-V3.png" />
<meta name="twitter:card" content="summary_large_image" />
<script type="application/ld+json" class="yoast-schema-graph">{"@context":"https:\/\/schema.org","@graph":[{"@type":"WebPage","@id":"https:\/\/www.filantropiacortessolari.cl\/conferencia-regional-para-el-cambio-climatico\/","url":"https:\/\/www.filantropiacortessolari.cl\/conferencia-regional-para-el-cambio-climatico\/","name":"Conferencia Regional para el cambio climático","isPartOf":{"@id":"https:\/\/www.filantropiacortessolari.cl\/#website"},"primaryImageOfPage":{"@id":"https:\/\/www.filantropiacortessolari.cl\/conferencia-regional-para-el-cambio-climatico\/#primaryimage"},"image":{"@id":"https:\/\/www.filantropiacortessolari.cl\/conferencia-regional-para-el-cambio-climatico\/#primaryimage"},"thumbnailUrl":"https:\/\/www.filantropiacortessolari.cl\/wp-content\/uploads\/2020\/03\/Programa-V3.png","datePublished":"2020-03-02T20:02:02+00:00","dateModified":"2020-03-02T20:49:36+00:00","breadcrumb":{"@id":"https:\/\/www.filantropiacortessolari.cl\/conferencia-regional-para-el-cambio-climatico\/#breadcrumb"},"inLanguage":"en-US","potentialAction":[{"@type":"ReadAction","target":["https:\/\/www.filantropiacortessolari.cl\/conferencia-regional-para-el-cambio-climatico\/"]}]},{"@type":"ImageObject","inLanguage":"en-US","@id":"https:\/\/www.filantropiacortessolari.cl\/conferencia-regional-para-el-cambio-climatico\/#primaryimage","url":"https:\/\/www.filantropiacortessolari.cl\/wp-content\/uploads\/2020\/03\/Programa-V3.png","contentUrl":"https:\/\/www.filantropiacortessolari.cl\/wp-content\/uploads\/2020\/03\/Programa-V3.png"},{"@type":"BreadcrumbList","@id":"https:\/\/www.filantropiacortessolari.cl\/conferencia-regional-para-el-cambio-climatico\/#breadcrumb","itemListElement":[{"@type":"ListItem","position":1,"name":"Portada","item":"https:\/\/www.filantropiacortessolari.cl\/"},{"@type":"ListItem","position":2,"name":"Conferencia Regional para el cambio climático"}]},{"@type":"WebSite","@id":"https:\/\/www.filantropiacortessolari.cl\/#website","url":"https:\/\/www.filantropiacortessolari.cl\/","name":"Filantropía Cortés Solari","description":"Sitio web Filantropía Cortés Solari","potentialAction":[{"@type":"SearchAction","target":{"@type":"EntryPoint","urlTemplate":"https:\/\/www.filantropiacortessolari.cl\/?s={search_term_string}"},"query-input":{"@type":"PropertyValueSpecification","valueRequired":true,"valueName":"search_term_string"}}],"inLanguage":"en-US"}]}</script>
<!-- / Yoast SEO plugin. -->

Filantropía Cortés Solari

Sitio web Filantropía Cortés Solari
